ose 2*d - x = 5*l, -5*d = -6*d + 4*l + 10. What is the units digit of d?
2
Suppose -2*x + 4*x = 4*t + 2848, -4*x = -t - 5731. What is the thousands digit of x?
1
Suppose 42 - 14 = 4*j. Suppose 0 = j*b - 413 - 63. What is the units digit of b?
8
Let k(w) = -w**2 - 4*w + 9. Let u be k(-6). What is the units digit of ((-95)/u)/5*(1 - -2)?
9
Let b(x) = -2836*x + 194. What is the units digit of b(-2)?
6
Let d = 1141 - 500. What is the hundreds digit of d?
6
Let i be 2/(((-48)/(-45))/8). Suppose -a + i = 2*a. Let h = a + 36. What is the tens digit of h?
4
Let n = -88 - -98. Let q(j) = j**2 - 10*j + 41. What is the units digit of q(n)?
1
Let y(u) = -u**3 + u + 66 - 138 + 83. Suppose 4*k = -0*k. What is the units digit of y(k)?
1
What is the hundreds digit of 2520/(-48)*60/(-9)?
3
Let y = 549 - 476. What is the tens digit of y?
7
Let m = 83 - 82. Suppose -4 + m = 3*i, 5*y - 763 = -2*i. What is the tens digit of y?
5
Let a be (-10)/(-25) + 2/(-5). Suppose -l - f - 2 = a, 3*l - f = -3*f - 10. What is the tens digit of 11 + 2/(-6)*l?
1
Suppose -3*f = -971 - 331. What is the units digit of f?
4
Let j(a) = -a**2 + a + 1. Let z(u) = -5*u**2 + 11*u - 1. Let y(f) = -4*j(f) + z(f). Let x be y(7). What is the units digit of 5*x*8/(-100)?
2
Let y(v) = 4*v**2 - 8*v + 47. What is the units digit of y(-11)?
9
Suppose -8 = -l - 5*h, -5*l - h + 27 = -13. Suppose -4*s = l, o - 45 = -2*s - 3. What is the units digit of o?
6
Let t = -863 - -1326. What is the hundreds digit of t?
4
Let s be (316/7)/(6/21). Suppose 0 = 8*o - 306 - s. What is the tens digit of o?
5
Suppose -5*m = 5*s + 10, -2*m - 25 = -5*s - 0*s. Let n(o) be the third derivative of o**5/60 + o**4/6 - o**3/6 - 87*o**2. What is the tens digit of n(s)?
2
Let v(h) = -4*h**3 + 4*h + 802. What is the hundreds digit of v(0)?
8
What is the units digit of (-12 - -3)/(19/(-2394))?
4
Suppose -2*k - 2*v + 7*v + 98 = 0, -4*v - 161 = -3*k. What is the tens digit of k?
5
Let n(z) = -z**3 - 4*z**2 + z + 5. Let v be n(-4). Let s be (91/21)/(v/6). Let p = 53 - s. What is the units digit of p?
7
Let j be -1*6/12 + 2/4. Suppose j = -7*g + 769 - 230. What is the units digit of g?
7
Suppose -5056 = -4*a - 4*j, -a = 4*j - 1176 - 85. What is the hundreds digit of a?
2
Let y(t) = t**2 - 108*t - 70. What is the thousands digit of y(-18)?
2
Let n = 407 + -202. Suppose 2*h = 3*j + 4*h - 123, -5*j + n = 3*h. What is the tens digit of j?
4
Let p be (-3)/(-6) - 3/(-2). Suppose p*d = 3*d + 150. What is the units digit of ((-8)/24)/(2/d)?
5
Let g = 143 - 78. Let s be g/39*(-1 - -4). What is the units digit of (s + -63)/(1 + -3)?
9
Let f = -1077 - -1569. What is the hundreds digit of f?
4
Let o(f) = -f**3 + 7*f**2 - 7*f - 67. Let d(n) = -2*n**3 + 15*n**2 - 15*n - 135. Let p(w) = 6*d(w) - 13*o(w). What is the units digit of p(0)?
1
Let l be (-15)/25 + (-2)/5. Let z = l - -1. Suppose 2*s - 10 = z, -52 = -4*b + b - 5*s. What is the units digit of b?
9
Let g = 0 - 0. Let p be (-6)/(-12) + -2 + 207/(-6). Let b = g - p. What is the units digit of b?
6
What is the tens digit of (498 - -1)/(-9 - -13 - 3)?
9
What is the tens digit of ((-2)/5)/(3 - 2555/850)?
6
Let s(z) = 5 - 23*z - 32*z + 36*z. What is the hundreds digit of s(-5)?
1
Let z(v) = 3*v**3 - 8*v. What is the units digit of z(2)?
8
Let n(s) = 6*s + 72. Let t be n(-11). Suppose 846 = 4*z - 134. Suppose t*l - l = z. What is the tens digit of l?
4
Suppose -z + i - 10 = -100, 5*i + 5 = 0. Suppose z + 36 = 2*k + 3*t, -5*t = -k + 56. What is the units digit of k?
1
Let n(g) = -2*g**3 + 4*g**2 - 7. Let d be n(-4). Suppose -5*b + 10 = 0, -4*b = -2*k + 85 + d. What is the tens digit of k?
3
Suppose -4*i + 32 = 4*k, 5*i = 3*k + k - 32. What is the units digit of ((-1214)/(-22) - k/44)*1?
5
Suppose -60*m = -65*m + 3360. What is the units digit of m?
2
Suppose 351 - 24 = -3*f. Let x = 173 - f. What is the hundreds digit of x?
2
Suppose n - 26 = 6. Let q(h) = -2*h - 14. Let p be q(8). Let y = p + n. What is the units digit of y?
2
Suppose -216 = 4*g - 10*g. What is the units digit of -8*2/4 + g?
2
Let o = 723 - -3809. What is the tens digit of o?
3
Let s(j) = -j**3 + 20*j**2 - 21*j - 8. Let r be s(19). What is the units digit of (-11 + -5)*r/8?
2
Let k(p) = p**2 + p + 2. Let m be k(0). Suppose -m*g = -60 - 18. What is the tens digit of g?
3
Let c(j) = -15*j**2 - j + 5. Let k be c(2). Let o = 104 + k. What is the tens digit of o?
4
Let a be (1 - 0) + -17 + 1. Let z = a + 21. Suppose s - z - 35 = 0. What is the tens digit of s?
4
Suppose r = -0*r + 3*q + 763, -4*r - 2*q = -3066. What is the hundreds digit of r?
7
Let m = 7 + -4. Suppose -28 = m*t + 116. Let h = t - -77. What is the units digit of h?
9
Let u be (20/15)/(6/(-27)). Let g = 36 + u. Let p = -15 + g. What is the units digit of p?
5
What is the tens digit of 2509 - 8/6*(-42)/(-56)?
0
Let a be 374 + (1 - 2) + -1. Let d be (1*3)/((-12)/a). Let v = d - -144. What is the tens digit of v?
5
Let q(o) = o**2 - 2. Let v be q(-3). Suppose v*t = 2*t. Suppose 4*m + t*m = 84. What is the units digit of m?
1
Let s be (-4 - -36)/(1 - -1). Suppose -3*h = 3*z - 45, -h + 2*z = 4*z - s. What is the tens digit of h?
1
Let x be 34/((-2)/(-2)) + 0/(-3). Let j = x - -47. What is the units digit of j?
1
Suppose -56*g = -49*g. Let r(h) = -4*h + 90. What is the units digit of r(g)?
0
What is the tens digit of (171/(-2))/(16/(-32))?
7
Suppose 6*p - 2195 = 1837. What is the tens digit of p?
7
Suppose -13 = v - 2*j - 2, 3*j = -4*v + 11. What is the units digit of 246/(-9)*(-4 - v)?
2
Let h be 1/(369/366 + -1). Let j(x) = -x**3 - 7*x**2 + 4*x + 3. Let b be j(-8). What is the tens digit of (-15)/b + h/7?
1
Let t = -889 + 2215. What is the tens digit of t?
2
Let d(p) = -p**3 + 3*p**2 + 6*p + 4. Let c(h) = -1. Let v = 3 + -8. Let w(j) = v*c(j) - d(j). What is the units digit of w(5)?
1
Suppose -2751 - 284 = -v + k, 0 = -v - 5*k + 3065. What is the tens digit of v?
4
Let w(x) = 11*x + 1. Let l be w(1). What is the tens digit of 1/2 - (-594)/l?
5
Let t(j) = 95*j**3 - 3*j + 1. Let d be t(1). Let l = d + -62. What is the units digit of l?
1
What is the hundreds digit of (-9930)/(-8)*(-276)/(-207)?
6
Suppose -3*f + f + 2746 = -5*c, 2*c = f - 1371. What is the hundreds digit of f?
3
Suppose 145*q - 136*q = 10827. What is the thousands digit of q?
1
Suppose -11*m = -16*m + 25. Suppose 0 = -m*n + 2*n + 120. What is the tens digit of n?
4
Let z be (-4 - (-20)/4) + -2 + 3. Let u = 285 - z. What is the tens digit of u?
8
Suppose 0 = -12*m + 4*m + 9736. What is the thousands digit of m?
1
Suppose 0 = 5*m + 9 + 6. Let i = 14 - 16. What is the units digit of i + -2 + (m - -30)?
3
Let h(t) be the first derivative of -t**2/2 - 2*t - 7. Let u be h(-2). Suppose u*c + c = 5*x - 168, -4 = -2*c. What is the tens digit of x?
3
Let j be 1/1 - (6 - 2). Suppose 0 = 26*k - 22*k - 8. Let f = k - j. What is the units digit of f?
5
Suppose 37*u = 1691 + 106164. What is the tens digit of u?
1
Suppose 3*n = 0, -2*o + 4*n + 0 = -48. Let j be o - -3 - (0 - -3). Suppose 0*s - 2*h + j = s, 0 = s - 5*h + 11. What is the units digit of s?
4
Let n(c) = c**3 + 13*c**2 + 14. Let s be (-3 + 0 + -3)/(-2). Let y be 2/s*(-195)/10. What is the units digit of n(y)?
4
Let q = 22 + -10. Suppose 3*r + q = 7*r. What is the units digit of (r + -5)/(2/(-52))?
2
Let j(o) = o**3 + 8*o**2 - 10*o - 10. Let v be j(-9). Let a = v - -3. What is the units digit of (38/(-4))/((-1)/a)?
9
Let q(w) = w**2 + 7*w - 11. Let a be 253/55 - 1/((-5)/2). What is the tens digit of q(a)?
4
Let v be 2*((-63)/6)/7 + 6. Suppose -v*m = 2*m - 135. What is the tens digit of m?
2
Suppose -535 = 3*s + 4*u - 2*u, 2*s + 362 = -4*u. Let x = 256 + s. What is the tens digit of x?
7
What is the units digit of 1*((-1252)/(-3) - 6/(-9))?
8
Suppose 5*p - 3365 = -5*l, -14*l = -9*l - 20. What is the hundreds digit of p?
6
Suppose 5*k + 2*m - 23 = 0, -3*k = -3*m - 4 - 14. Suppose -x + 35 + k = 0. What is the tens digit of x?
4
Let f be ((-2)/1)/(-1) - (52 + 0). Let c = 80 - f. What is the units digit of c?
0
Let b(k) = 4*k**2 - 11*k - 3. Suppose -5*g = 5*s - 15, -5*s + g + 15 = -g. Let z(f) = -f**2. Let d(t) = s*z(t) + b(t). What is the units digit of d(14)?
9
Let d(j) = j**2 + j + 9. Let m be d(0). Suppose -2*p + 20 + 4 = -i, 2*p + i - 24 = 0. What is the units